be (-2)/(-4) + m/(-4). Let q = 6 - d. What is the remainder when 8 is divided by q?
3
Suppose 49 - 1 = 3*k + 2*a, 4*a + 64 = 4*k. Suppose 0 = u - 5*s - 14, -2*u + 2*s = -3*s - 23. Calculate the remainder when k is divided by u.
7
Suppose 0*g - 3*g + 225 = 0. Suppose -4*u + 95 = u. What is the remainder when g is divided by u?
18
Let b(f) = -3*f - 6. Let h be b(-9). Let w = h - -23. What is the remainder when w is divided by 15?
14
Suppose -w + p = 2*w - 10, 0 = 3*p - 15. Let q(x) = -x**3 - 6*x**2 + 4*x - 7. Calculate the remainder when q(-7) is divided by w.
4
Let x = -7 + 12. Suppose 56 = x*i - 3*i. What is the remainder when i is divided by 15?
13
Let b(m) = 17*m**3 + m**2 - m - 1. Let y be b(-1). Let r = y - -84. What is the remainder when r is divided by 14?
12
Let x = -1 - -9. Let y be (-8)/(-5) - (-4)/10. Suppose -y*m - 4*p + 14 = -0*p, -p + 11 = 3*m. What is the remainder when x is divided by m?
2
Let w(j) = 15*j + 2. Suppose -3*h + 53 = h + g, 4*h = 2*g + 38. Calculate the remainder when w(3) is divided by h.
11
Let h be (-3)/2*(0 - 2). Suppose h*i = i + 14. What is the remainder when 13 is divided by i?
6
Let d = 78 - 37. What is the remainder when d is divided by 11?
8
Let q(i) be the third derivative of 1/4*i**4 - 1/120*i**6 + 0*i - 2*i**2 - 1/6*i**3 + 1/20*i**5 + 0. What is the remainder when 12 is divided by q(4)?
5
Let v(w) = w - 28. Let n be v(17). Let q = 46 - n. Suppose -4*u = -69 + 9. What is the remainder when q is divided by u?
12
Calculate the remainder when (120/(-55) - -2) + 189/11 is divided by 12.
5
Let x be 2/2 + -4 + -2. Let z(h) = 21*h. Let o be z(x). What is the remainder when o/(-9) - 4/6 is divided by 6?
5
Let i(m) = -m**3 - 4*m**2 + 4*m + 5. What is the remainder when 39 is divided by i(-5)?
9
Suppose -4*b + 5 = z, 0 = -2*z - 0*z + 2*b + 30. Suppose 0 = 3*n - 4*n - 17. Let p = 55 + n. Calculate the remainder when p is divided by z.
12
Suppose o = 4*o. Suppose o = -3*l + 4*k + 9, l = -3*l + 2*k + 22. Suppose -63 = -3*h - 3. What is the remainder when h is divided by l?
6
Suppose 27 = 4*m - 73. Calculate the remainder when m is divided by 14.
11
Let l(s) = s**3 - 7*s**2 - 5*s + 6. What is the remainder when 118 is divided by l(8)?
28
Suppose 2*c + 21 = 59. Suppose 2*w = -l + 3*w + 59, w + 283 = 5*l. Calculate the remainder when l is divided by c.
18
Let u(d) = -d**2 - 9*d + 7. Suppose -13 = 3*k + 2*m - 2, -5*k - 10 = 5*m. What is the remainder when 81 is divided by u(k)?
18
Let o = -1 - -4. Let i be ((-16)/(-5))/(2/5). Let z = -4 + i. What is the remainder when z is divided by o?
1
Suppose 14*l - 140 = 7*l. What is the remainder when 58 is divided by l?
18
Let j = -72 - -122. Let v = 28 + -16. Suppose 0 = t - 5 - v. Calculate the remainder when j is divided by t.
16
Suppose 2*y = 5*q + 3*y - 204, -5*q - 4*y + 216 = 0. Let r be 73 - 1 - 6/3. Suppose 0*o = -5*o + r. Calculate the remainder when q is divided by o.
12
Suppose 4*u - 202 = 2*b, -6*u - b = -u - 235. Calculate the remainder when u is divided by 13.
9
Let c(x) = -4*x**3 - 2*x + 5*x**3 + 4*x**2 + 2*x**2. What is the remainder when 22 is divided by c(-6)?
10
Let n = 40 - 16. Calculate the remainder when 91 is divided by n.
19
Let m(q) = q + 1. Let j be m(0). Let h be j/((-2)/(-2 + -10)). Suppose 0 = -d + h*d - 50. What is the remainder when 19 is divided by d?
9
Suppose 2*d - 2 = 6. Let o = 1 + d. Suppose -o*m + 11 + 34 = 0. What is the remainder when 17 is divided by m?
8
Let k be (-7)/(-4) - (-2)/8. Suppose 5*w + 3*q = 58, -q = w - 10 - k. Let m(d) = 4*d**2 - 2*d + 1. What is the remainder when m(3) is divided by w?
9
Suppose 5*y = 2*y + 12. Suppose -5*g + y = -w, -3*w - 5*g = -8*w + 80. Calculate the remainder when w is divided by 12.
9
Let k(p) = -134*p. Calculate the remainder when k(-1) is divided by 34.
32
Let z(u) = 2*u**2 - u - 1. Calculate the remainder when 24 is divided by z(2).
4
Let v(t) = t**3 + 7*t**2 + 7*t. Let i be v(-5). Suppose -6*g - i = -g. Let f(j) = j**2 - j - 2. What is the remainder when f(g) is divided by 4?
2
Suppose -5*g + 123 = -2*g. Suppose u + 2*u - 141 = 3*v, 2*v = -u + g. Calculate the remainder when u is divided by 16.
13
Calculate the remainder when 78 is divided by (1 - -19)/((6 + 0)/6).
18
Suppose 13*z - 6 = 12*z. What is the remainder when 50 is divided by z?
2
Let v(l) = -8*l + 14. Let p(t) = -t. Let x(f) = 5*p(f) - v(f). Calculate the remainder when 11 is divided by x(7).
4
Let c = 14 - -45. Let o = c - 0. Calculate the remainder when o is divided by 20.
19
What is the remainder when (-12)/114 - 4733/(-19) is divided by 28?
25
Let t(g) = 3*g**2 + 3*g - 4. Let w(y) = 16*y**2 + 15*y - 20. Let u(v) = -11*t(v) + 2*w(v). Calculate the remainder when 7 is divided by u(-3).
3
Let h = 7 + -3. Let r(x) = 2*x**2 - x. Let c be r(2). Suppose h*v + 4*s = c*s + 42, -3*s = 2*v - 33. What is the remainder when v is divided by 7?
5
Suppose 0 = -0*u + 9*u - 36. Suppose 49 = 3*f - 5*q, -u*f + 2*q + 79 = -5. What is the remainder when f is divided by (-2)/(-7) - (-178)/14?
10
Suppose 4*b = -7 + 87. Suppose 0 = 4*c + 2*k + 18, -4*c + 4*k - 24 = -2*c. Let h = c + b. What is the remainder when 26 is divided by h?
12
Let h(k) = k**2 + 2*k + 1. Let t be h(-2). Let r(c) = 0 + 11*c - 8*c + t. Calculate the remainder when r(2) is divided by 2.
1
Let q(j) = -j**2 - j + 14. Let z = 17 + -9. What is the remainder when q(0) is divided by z?
6
Let c = 6 + -4. Suppose -14 - 24 = -c*m. Calculate the remainder when 56 is divided by m.
18
Suppose -18 = -3*b - 0*s + 4*s, -b - 10 = 4*s. Calculate the remainder when 39 is divided by 229/11 - b/(-11).
18
Suppose 3*y - 2*f - 151 = -6*f, -y + 44 = -5*f. Calculate the remainder when y is divided by (-82)/(-6) + (-38)/57.
10
Let d = -7 - -11. Let c = 4 + -1. Suppose b = -c*b + 8. Calculate the remainder when d is divided by b.
0
Let t(s) = 2*s + 24. Calculate the remainder when 46 is divided by t(0).
22
Suppose 6*s = 111 + 87. What is the remainder when s is divided by 6?
3
Let a be 4/2 + 2/2. Let i be (-24)/(-15) + (-6)/10. Let m = a + i. What is the remainder when 10 is divided by m?
2
Suppose 0 = -2*d + 1 - 5. Let o(b) = 16*b + 1. Calculate the remainder when 155/(-10)*d/1 is divided by o(1).
14
Let d(o) = -18*o - 4. What is the remainder when d(-4) is divided by 24?
20
Let y(m) = 4*m - 1. Let c be y(1). Suppose c*n + 44 = 5*u, -6*n = 2*u - 2*n - 28. What is the remainder when 27 is divided by u?
7
Let f(h) = -h + 3. Let z be f(3). Suppose z = -0*j - 3*j + 12. Let a(w) = 11*w - 5. What is the remainder when a(j) is divided by 20?
19
Suppose -7 = -2*m + 5. Suppose 10*v - 2*h = 5*v - 245, -143 = 3*v - 2*h. Calculate the remainder when 11 is divided by v/(-9) - (-2)/m.
5
Let f be (-1 + (-2 - -8))/1. Suppose 0 = m - f - 6. Suppose -146 + 41 = -5*o. Calculate the remainder when o is divided by m.
10
Suppose 0 = -5*h + 181 - 26. Calculate the remainder when 90 is divided by h.
28
Let g = -17 + 22. What is the remainder when 18 is divided by g?
3
Let p = -206 - -291. Calculate the remainder when p is divided by 29.
27
Let z = 106 + -88. What is the remainder when 28 is divided by z?
10
Let b(z) = 2*z**2 - 3*z - 7. Suppose -14 = -2*h - 2*d + 28, -4*d = -3*h + 28. What is the remainder when b(6) is divided by h?
15
Suppose -p = -35 + 2. What is the remainder when (-257)/(-2) + ((-20)/8 - -3) is divided by p?
30
Suppose 0 = -5*b - 3*c + 34, 0*b - 3*c = -2*b + 1. Suppose 0 = -3*q + 4 + b. Let x = 14 + -10. What is the remainder when x is divided by q?
1
Let h be 1/((-3)/(18/(-2))). Suppose -15 = -h*u - 0*u. Suppose 5*d = -5, -u*c + 17 = -0*c + 3*d. Calculate the remainder when 14 is divided by c.
2
Suppose 2*k = 10, k - 35 = -4*z - 2*k. Suppose 2*o + 3*u = 47, 2*o - 3*o = -z*u - 4. What is the remainder when 55 is divided by o?
17
Let z(w) = w**3 - 6*w**2 + 2*w + 3. Calculate the remainder when 54 is divided by z(6).
9
Let o = 76 - 44. Suppose 0 = u + 4*m - 8, 5 = -3*u + m + 3. Calculate the remainder when o is divided by 0 + 11 + u + 0.
10
Let q(a) = 619*a**3 - a**2 - a + 1. Let b = 7 - 6. Let w be q(b). What is the remainder when (-4)/(-20) - w/(-10) is divided by 21?
20
Suppose -26 = 2*b - 50. Calculate the remainder when 59 is divided by b.
11
Let m = 7 + -12. Let t(n) = -4*n**3 - n**2 + 6. Let y(k) = k**3 - k*